 remainder when 3910 is divided by 3892?
18
What is the remainder when 50849 is divided by 328?
9
What is the remainder when 22458 is divided by 1248?
1242
What is the remainder when 3162 is divided by 3117?
45
What is the remainder when 7782 is divided by 56?
54
Calculate the remainder when 508 is divided by 125.
8
Calculate the remainder when 6009263 is divided by 522.
521
Calculate the remainder when 29339 is divided by 27.
17
Calculate the remainder when 766784 is divided by 915.
14
Calculate the remainder when 38726 is divided by 51.
17
What is the remainder when 31359 is divided by 31356?
3
Calculate the remainder when 7413370 is divided by 172.
170
What is the remainder when 152381 is divided by 50782?
35
Calculate the remainder when 6125 is divided by 21.
14
Calculate the remainder when 135433 is divided by 22572.
1
What is the remainder when 11401 is divided by 760?
1
Calculate the remainder when 7056 is divided by 1211.
1001
Calculate the remainder when 40130 is divided by 1294.
16
Calculate the remainder when 264515 is divided by 188.
187
Calculate the remainder when 15348 is divided by 30.
18
What is the remainder when 2774 is divided by 229?
26
What is the remainder when 5317 is divided by 111?
100
Calculate the remainder when 98932 is divided by 7062.
64
Calculate the remainder when 1061 is divided by 968.
93
What is the remainder when 4099 is divided by 16?
3
Calculate the remainder when 74355 is divided by 116.
115
Calculate the remainder when 19750 is divided by 130.
120
What is the remainder when 222 is divided by 166?
56
What is the remainder when 9850 is divided by 9?
4
Calculate the remainder when 1014 is divided by 176.
134
What is the remainder when 118313 is divided by 54?
53
What is the remainder when 10323 is divided by 5?
3
What is the remainder when 68987 is divided by 445?
12
What is the remainder when 37050 is divided by 75?
0
What is the remainder when 363234 is divided by 60531?
48
Calculate the remainder when 36002 is divided by 522.
506
Calculate the remainder when 9016 is divided by 377.
345
What is the remainder when 3641 is divided by 899?
45
What is the remainder when 697 is divided by 142?
129
Calculate the remainder when 17094 is divided by 73.
12
Calculate the remainder when 117639 is divided by 47.
45
What is the remainder when 7606960 is divided by 309?
307
What is the remainder when 2429 is divided by 25?
4
What is the remainder when 1192 is divided by 592?
8
What is the remainder when 9276 is divided by 1169?
1093
What is the remainder when 9576 is divided by 108?
72
What is the remainder when 3486 is divided by 1323?
840
Calculate the remainder when 229368 is divided by 286.
282
Calculate the remainder when 35451 is divided by 4.
3
What is the remainder when 72161 is divided by 13?
11
What is the remainder when 9192 is divided by 102?
12
Calculate the remainder when 33427 is divided by 3341.
17
Calculate the remainder when 12151 is divided by 284.
223
Calculate the remainder when 4569 is divided by 442.
149
What is the remainder when 565 is divided by 511?
54
What is the remainder when 1874 is divided by 209?
202
Calculate the remainder when 125289 is divided by 13.
8
Calculate the remainder when 717244 is divided by 1290.
4
Calculate the remainder when 105658 is divided by 35212.
22
Calculate the remainder when 1553857 is divided by 26.
19
What is the remainder when 8822 is divided by 8797?
25
What is the remainder when 263917 is divided by 754?
17
Calculate the remainder when 16326 is divided by 860.
846
Calculate the remainder when 29821 is divided by 9924.
49
Calculate the remainder when 6133 is divided by 755.
93
Calculate the remainder when 93632 is divided by 31193.
53
Calculate the remainder when 10317 is divided by 10301.
16
Calculate the remainder when 37217 is divided by 209.
15
Calculate the remainder when 205323 is divided by 213.
204
Calculate the remainder when 3011 is divided by 547.
276
Calculate the remainder when 63373 is divided by 217.
9
Calculate the remainder when 7069 is divided by 53.
20
What is the remainder when 6689 is divided by 50?
39
Calculate the remainder when 39154 is divided by 163.
34
Calculate the remainder when 1495 is divided by 159.
64
Calculate the remainder when 5865 is divided by 10.
5
What is the remainder when 11362 is divided by 406?
400
Calculate the remainder when 50715 is divided by 12622.
227
Calculate the remainder when 2747 is divided by 62.
19
Calculate the remainder when 2085552 is divided by 771.
768
Calculate the remainder when 82190 is divided by 21.
17
What is the remainder when 12613 is divided by 1260?
13
What is the remainder when 56464 is divided by 28125?
214
What is the remainder when 398 is divided by 197?
4
What is the remainder when 268158 is divided by 419?
417
What is the remainder when 439829 is divided by 810?
809
What is the remainder when 2816 is divided by 347?
40
What is the remainder when 23923 is divided by 292?
271
What is the remainder when 322 is divided by 15?
7
What is the remainder when 73953 is divided by 215?
208
Calculate the remainder when 12069 is divided by 2413.
4
What is the remainder when 89738 is divided by 13?
12
Calculate the remainder when 117247 is divided by 350.
347
Calculate the remainder when 105335 is divided by 105297.
38
What is the remainder when 336347 is divided by 62?
59
What is the remainder when 28791 is divided by 327?
15
What is the remainder when 4512 is divided by 73?
59
Calculate the remainder when 81051 is divided by 27011.
18
What is the remainder when 1848 is divided by 17?
12
Calculate the remainder when 137009 is divided by 34246.
25
What is the remainder when 71 is divided by 60?
11
What is the remainder when 876 is divided by 115?
71
Calculate the remainder when 1816668 is divided by 49.
42
Calculate the remainder when 8864 is divided by 28.
16
What is the remainder when 771 is divided by 71?
61
Calculate the remainder when 485779 is divided by 54.
49
Calculate the remainder when 3524 is divided by 207.
5
Calculate the remainder when 19690 is divided by 852.
94
What is the remainder when 41942 is divided by 552?
542
Calculate the remainder when 30162 is divided by 29996.
166
What is the remainder when 67479 is divided by 136?
23
Calculate the remainder when 631920 is divided by 1099.
1094
Calculate the remainder when 10410 is divided by 94.
70
Calculate the remainder when 126541 is divided by 806.
805
Calculate the remainder when 16704 is divided by 335.
289
What is the remainder when 429 is divided by 158?
113
What is the remainder when 2008 is divided by 881?
246
What is the remainder when 3073 is divided by 1018?
19
What is the remainder when 100559 is divided by 111?
104
What is the remainder when 238576 is divided by 34081?
9
What is the remainder when 32322 is divided by 352?
290
What is the remainder when 1767 is divided by 289?
33
What is the remainder when 555775 is divided by 322?
3
Calculate the remainder when 979 is divided by 57.
10
What is the remainder when 816 is divided by 802?
14
What is the remainder when 16560 is divided by 50?
10
Calculate the remainder when 102684 is divided by 108.
84
What is the remainder when 15142 is divided by 1513?
12
What is the remainder when 290344 is divided by 5?
4
Calculate the remainder when 4329 is divided by 168.
129
What is the remainder when 2268 is divided by 404?
248
What is the remainder when 31484 is divided by 48?
44
What is the remainder when 54664 is divided by 27330?
4
What is the remainder when 116998 is divided by 38978?
64
What is the remainder when 160548 is divided by 68?
0
Calculate the remainder when 496668 is divided by 165527.
87
Calculate the remainder when 116621 is divided by 38873.
2
Calculate the remainder when 27022 is divided by 62.
52
What is the remainder when 7704 is divided by 50?
4
Calculate the remainder when 1124 is divided by 275.
24
What is the remainder when 242131 is divided by 10527?
10
What is the remainder when 807 is divided by 50?
7
Calculate the remainder when 3219 is divided by 3205.
14
What is the remainder when 1502 is divided by 30?
2
What is the remainder when 8262 is divided by 37?
11
Calculate the remainder when 110358 is divided by 433.
376
What is the remainder when 437